714 is divided by 21?
13
What is the remainder when 6731 is divided by 184?
107
Calculate the remainder when 199193 is divided by 32.
25
Calculate the remainder when 5962 is divided by 2570.
822
What is the remainder when 805271 is divided by 135?
131
Calculate the remainder when 5495 is divided by 1092.
35
What is the remainder when 111583 is divided by 225?
208
Calculate the remainder when 1052 is divided by 951.
101
What is the remainder when 2429 is divided by 27?
26
What is the remainder when 119273 is divided by 1356?
1301
Calculate the remainder when 52862 is divided by 75.
62
Calculate the remainder when 42935 is divided by 452.
447
What is the remainder when 9494 is divided by 860?
34
Calculate the remainder when 6950 is divided by 6929.
21
Calculate the remainder when 420230 is divided by 11.
8
What is the remainder when 2448214 is divided by 444?
442
Calculate the remainder when 7137 is divided by 2350.
87
Calculate the remainder when 2158425 is divided by 94.
91
What is the remainder when 2789 is divided by 31?
30
What is the remainder when 478972 is divided by 115?
112
Calculate the remainder when 71377 is divided by 427.
68
Calculate the remainder when 38693 is divided by 30.
23
Calculate the remainder when 163321 is divided by 28.
25
Calculate the remainder when 8258 is divided by 690.
668
What is the remainder when 3933 is divided by 490?
13
Calculate the remainder when 5184 is divided by 663.
543
Calculate the remainder when 969 is divided by 489.
480
Calculate the remainder when 14808 is divided by 57.
45
Calculate the remainder when 2471 is divided by 281.
223
Calculate the remainder when 2261 is divided by 2242.
19
What is the remainder when 273851 is divided by 14?
11
What is the remainder when 2570 is divided by 42?
8
Calculate the remainder when 16839 is divided by 8297.
245
What is the remainder when 2536 is divided by 312?
40
What is the remainder when 5790 is divided by 252?
246
Calculate the remainder when 305515 is divided by 190.
185
Calculate the remainder when 170282 is divided by 439.
389
Calculate the remainder when 7333 is divided by 1201.
127
Calculate the remainder when 10575 is divided by 9.
0
What is the remainder when 3249 is divided by 379?
217
Calculate the remainder when 12431 is divided by 168.
167
Calculate the remainder when 1079 is divided by 487.
105
Calculate the remainder when 453090 is divided by 454.
452
What is the remainder when 25096 is divided by 3585?
1
Calculate the remainder when 86179 is divided by 459.
346
Calculate the remainder when 112656 is divided by 738.
480
Calculate the remainder when 38598 is divided by 117.
105
What is the remainder when 1347 is divided by 417?
96
Calculate the remainder when 42001 is divided by 724.
9
What is the remainder when 149225 is divided by 51?
50
What is the remainder when 28493 is divided by 5627?
358
Calculate the remainder when 7883 is divided by 872.
35
Calculate the remainder when 13155 is divided by 3.
0
What is the remainder when 4728 is divided by 673?
17
What is the remainder when 3367 is divided by 1112?
31
Calculate the remainder when 51 is divided by 10.
1
Calculate the remainder when 2189 is divided by 1080.
29
Calculate the remainder when 32448 is divided by 275.
273
What is the remainder when 3088 is divided by 342?
10
What is the remainder when 3428 is divided by 599?
433
Calculate the remainder when 5419 is divided by 29.
25
What is the remainder when 3203 is divided by 64?
3
Calculate the remainder when 6968 is divided by 988.
52
What is the remainder when 8435 is divided by 338?
323
Calculate the remainder when 3085 is divided by 997.
94
Calculate the remainder when 36718 is divided by 18353.
12
Calculate the remainder when 4836832 is divided by 219.
217
Calculate the remainder when 29135 is divided by 60.
35
Calculate the remainder when 285341 is divided by 474.
467
Calculate the remainder when 869 is divided by 209.
33
What is the remainder when 103242 is divided by 34414?
0
What is the remainder when 104527 is divided by 52236?
55
What is the remainder when 3915 is divided by 256?
75
Calculate the remainder when 19270 is divided by 172.
6
What is the remainder when 881 is divided by 159?
86
What is the remainder when 8938 is divided by 29?
6
Calculate the remainder when 1202961 is divided by 9.
3
What is the remainder when 605079 is divided by 140?
139
What is the remainder when 234962 is divided by 723?
710
What is the remainder when 78341 is divided by 1152?
5
What is the remainder when 89916 is divided by 22471?
32
What is the remainder when 66899 is divided by 75?
74
Calculate the remainder when 42813 is divided by 14252.
57
Calculate the remainder when 17656 is divided by 1961.
7
What is the remainder when 8235236 is divided by 22?
20
Calculate the remainder when 21877 is divided by 2187.
7
Calculate the remainder when 17103 is divided by 2850.
3
Calculate the remainder when 274207 is divided by 418.
417
What is the remainder when 113734 is divided by 13?
10
What is the remainder when 2062 is divided by 351?
307
Calculate the remainder when 1266215 is divided by 11107.
17
What is the remainder when 244527 is divided by 116?
115
What is the remainder when 16144 is divided by 8054?
36
Calculate the remainder when 24343 is divided by 24301.
42
Calculate the remainder when 44306 is divided by 81.
80
What is the remainder when 169276 is divided by 21?
16
What is the remainder when 899 is divided by 175?
24
Calculate the remainder when 2952 is divided by 148.
140
Calculate the remainder when 424797 is divided by 18.
15
Calculate the remainder when 40167 is divided by 13388.
3
Calculate the remainder when 4299 is divided by 17.
15
Calculate the remainder when 1022958 is divided by 95.
93
What is the remainder when 3922 is divided by 2515?
1407
What is the remainder when 14689077 is divided by 72?
69
What is the remainder when 23121 is divided by 1159?
1100
Calculate the remainder when 2547 is divided by 332.
223
What is the remainder when 215932 is divided by 71963?
43
What is the remainder when 17118 is divided by 4165?
458
What is the remainder when 14845 is divided by 147?
145
What is the remainder when 2263 is divided by 1232?
1031
What is the remainder when 2040 is divided by 7?
3
What is the remainder when 3897 is divided by 615?
207
Calculate the remainder when 2611 is divided by 38.
27
What is the remainder when 51085 is divided by 3388?
265
What is the remainder when 6183 is divided by 165?
78
Calculate the remainder when 1991 is divided by 1989.
2
What is the remainder when 4368 is divided by 181?
24
Calculate the remainder when 2073 is divided by 1953.
120
Calculate the remainder when 41999 is divided by 120.
119
What is the remainder when 4175 is divided by 208?
15
Calculate the remainder when 189329 is divided by 63105.
14
What is the remainder when 31535 is divided by 438?
437
What is the remainder when 9302 is divided by 47?
43
Calculate the remainder when 3261 is divided by 589.
316
Calculate the remainder when 19891 is divided by 642.
631
Calculate the remainder when 175613 is divided by 224.
221
Calculate the remainder when 19727 is divided by 3.
2
What is the remainder when 3299 is divided by 1077?
68
Calculate the remainder when 4153 is divided by 15.
13
Calculate the remainder when 21469 is divided by 10.
9
What is the remainder when 14167 is divided by 31?
0
Calculate the remainder when 151191 is divided by 101.
95
Calculate the remainder when 15380 is divided by 529.
39
Calculate the remainder when 2717 is divided by 152.
133
Calculate the remainder when 536554 is divided by 39.
31
What is the remainder when 697 is divided by 335?
27
Calculate the remainder when 2888 is divided by 2855.
33
Calculate the remainder when 178288 is divided by 566.
564
Calculate the remainder when 14425 is divided by 566.
275
Calculate the remainder when 90671 is divided by 501.
491
Calculate the remainder when 5232 is divided by 429.
84
What is the remainder when 304974 is divided by 156?
150
What is the remainder when 13334 is divided by 60?
14
Calculate the remainder when 3475 is divided by 493.
24
What is the remainder when 756 is divided by 228?
72
What is the remainder when 9558 is divided by 199?
6
Calculate the rem